{"id":12,"date":"2022-04-27T06:28:22","date_gmt":"2022-04-27T06:28:22","guid":{"rendered":"http:\/\/www.smartagroe.com\/?page_id=12"},"modified":"2022-04-27T12:01:13","modified_gmt":"2022-04-27T12:01:13","slug":"le-sol","status":"publish","type":"page","link":"http:\/\/www.smartagroe.com\/?page_id=12","title":{"rendered":"Le sol"},"content":{"rendered":"\n<figure class=\"wp-block-image size-large is-resized\"><img fetchpriority=\"high\" decoding=\"async\" src=\"http:\/\/www.smartagroe.com\/wp-content\/uploads\/2022\/04\/ameliorer-qualite-sol-1024x683.jpg\" alt=\"\" class=\"wp-image-67\" width=\"583\" height=\"388\" srcset=\"http:\/\/www.smartagroe.com\/wp-content\/uploads\/2022\/04\/ameliorer-qualite-sol-1024x683.jpg 1024w, http:\/\/www.smartagroe.com\/wp-content\/uploads\/2022\/04\/ameliorer-qualite-sol-600x400.jpg 600w, http:\/\/www.smartagroe.com\/wp-content\/uploads\/2022\/04\/ameliorer-qualite-sol-300x200.jpg 300w, http:\/\/www.smartagroe.com\/wp-content\/uploads\/2022\/04\/ameliorer-qualite-sol-768x512.jpg 768w, http:\/\/www.smartagroe.com\/wp-content\/uploads\/2022\/04\/ameliorer-qualite-sol.jpg 1200w\" sizes=\"(max-width: 583px) 100vw, 583px\" \/><figcaption>Quelle est la texture de votre sol?<\/figcaption><\/figure>\n\n\n\n<p>Elle repr\u00e9sente la constitution du sol. Les crit\u00e8res physiques en % Argile, % Limon, % Sable et % de Mati\u00e8res Organiques sont les 4 constituants majeurs d&rsquo;un agr\u00e9gat de terre.<br>Leur taille et la proportion des particules pr\u00e9sentes induisent des comportements diff\u00e9rents comme la perm\u00e9abilit\u00e9, la plasticit\u00e9, la sensibilit\u00e9 au tassement.<\/p>\n\n\n\n<div class=\"wp-block-columns is-layout-flex wp-container-core-columns-is-layout-9d6595d7 wp-block-columns-is-layout-flex\">\n<div class=\"wp-block-column is-layout-flow wp-block-column-is-layout-flow\">\n<h2 class=\"wp-block-heading\">Sable<\/h2>\n\n\n\n<p>Les sols sableux sont souvent secs, pauvres en substances nutritives et tr\u00e8s drainants. Ils sont peu (ou pas du tout) aptes \u00e0 transporter l&rsquo;eau jusqu&rsquo;aux couches profondes par capillarit\u00e9s.<br>La capacit\u00e9 des sols sableux \u00e0 retenir les substances nutritives et l&rsquo;eau peut \u00eatre am\u00e9lior\u00e9e par un apport en mati\u00e8re organique.<\/p>\n<\/div>\n\n\n\n<div class=\"wp-block-column is-layout-flow wp-block-column-is-layout-flow\">\n<h2 class=\"wp-block-heading\">Limon<\/h2>\n\n\n\n<p>Ces sols sont diff\u00e9rents des sols sableux par leur facilit\u00e9 \u00e0 former une cro\u00fbte, souvent tr\u00e8s dure. Ils sont g\u00e9n\u00e9ralement plus faciles \u00e0 travailler et peuvent stocker des volumes d&rsquo;eau consid\u00e9rables. Ils exigent une bonne consolidation, mais il faut \u00e9viter de les travailler par temps humide.<\/p>\n<\/div>\n\n\n\n<div class=\"wp-block-column is-layout-flow wp-block-column-is-layout-flow\">\n<h2 class=\"wp-block-heading\">Argile<\/h2>\n\n\n\n<p>Les argiles lourdes ont une grande capacit\u00e9 de r\u00e9tention d&rsquo;eau, mais la plus grande partie de cette eau est \u00e9troitement li\u00e9e et n&rsquo;est pas disponible par les v\u00e9g\u00e9taux.<\/p>\n<\/div>\n<\/div>\n\n\n\n<div class=\"wp-block-media-text alignwide is-stacked-on-mobile\"><figure class=\"wp-block-media-text__media\"><img decoding=\"async\" width=\"1024\" height=\"435\" src=\"http:\/\/www.smartagroe.com\/wp-content\/uploads\/2022\/04\/visuel-article-classification-produits-entretien-delcourt-fr-1024x435-1.png\" alt=\"\" class=\"wp-image-65 size-full\" srcset=\"http:\/\/www.smartagroe.com\/wp-content\/uploads\/2022\/04\/visuel-article-classification-produits-entretien-delcourt-fr-1024x435-1.png 1024w, http:\/\/www.smartagroe.com\/wp-content\/uploads\/2022\/04\/visuel-article-classification-produits-entretien-delcourt-fr-1024x435-1-600x255.png 600w, http:\/\/www.smartagroe.com\/wp-content\/uploads\/2022\/04\/visuel-article-classification-produits-entretien-delcourt-fr-1024x435-1-300x127.png 300w, http:\/\/www.smartagroe.com\/wp-content\/uploads\/2022\/04\/visuel-article-classification-produits-entretien-delcourt-fr-1024x435-1-768x326.png 768w\" sizes=\"(max-width: 1024px) 100vw, 1024px\" \/><\/figure><div class=\"wp-block-media-text__content\">\n<p class=\"has-medium-font-size\">Il y a une relation claire entre le pH du sol et le rendement des cultures. Un pH \u00e9quilibr\u00e9 permet de maintenir l\u2019activit\u00e9 biologique dans le sol, de faciliter les \u00e9changes d\u2019\u00e9l\u00e9ments nutritifs et de r\u00e9duire les possibles toxicit\u00e9s d\u2019aluminium dans les sols tr\u00e8s acides. Conna\u00eetre le taux d&rsquo;acidit\u00e9 d&rsquo;un sol est une \u00e9tape indispensable avant d&rsquo;entamer un projet agricole.<\/p>\n<\/div><\/div>\n","protected":false},"excerpt":{"rendered":"<p>Elle repr\u00e9sente la constitution du sol. Les crit\u00e8res physiques en % Argile, % Limon, % Sable et % de Mati\u00e8res Organiques sont<\/p>\n<p class=\"link-more\"><a class=\"myButt \" href=\"http:\/\/www.smartagroe.com\/?page_id=12\">Read More<\/a><\/p>\n","protected":false},"author":1,"featured_media":0,"parent":0,"menu_order":0,"comment_status":"closed","ping_status":"closed","template":"","meta":{"footnotes":""},"class_list":["post-12","page","type-page","status-publish","hentry"],"_links":{"self":[{"href":"http:\/\/www.smartagroe.com\/index.php?rest_route=\/wp\/v2\/pages\/12","targetHints":{"allow":["GET"]}}],"collection":[{"href":"http:\/\/www.smartagroe.com\/index.php?rest_route=\/wp\/v2\/pages"}],"about":[{"href":"http:\/\/www.smartagroe.com\/index.php?rest_route=\/wp\/v2\/types\/page"}],"author":[{"embeddable":true,"href":"http:\/\/www.smartagroe.com\/index.php?rest_route=\/wp\/v2\/users\/1"}],"replies":[{"embeddable":true,"href":"http:\/\/www.smartagroe.com\/index.php?rest_route=%2Fwp%2Fv2%2Fcomments&post=12"}],"version-history":[{"count":3,"href":"http:\/\/www.smartagroe.com\/index.php?rest_route=\/wp\/v2\/pages\/12\/revisions"}],"predecessor-version":[{"id":68,"href":"http:\/\/www.smartagroe.com\/index.php?rest_route=\/wp\/v2\/pages\/12\/revisions\/68"}],"wp:attachment":[{"href":"http:\/\/www.smartagroe.com\/index.php?rest_route=%2Fwp%2Fv2%2Fmedia&parent=12"}],"curies":[{"name":"wp","href":"https:\/\/api.w.org\/{rel}","templated":true}]}}